n factor of 7596 and 180?
36
What is the greatest common factor of 22 and 286?
22
Calculate the greatest common factor of 1548 and 36.
36
Calculate the highest common divisor of 22 and 660.
22
What is the highest common factor of 1057 and 49?
7
Calculate the greatest common factor of 45 and 55.
5
What is the highest common divisor of 602 and 1462?
86
What is the greatest common divisor of 19 and 23389?
19
Calculate the highest common factor of 36270 and 124.
62
Calculate the highest common factor of 133 and 665.
133
Calculate the greatest common divisor of 22 and 814.
22
What is the highest common factor of 63 and 1099?
7
Calculate the highest common factor of 168 and 1704.
24
Calculate the highest common factor of 4 and 76.
4
Calculate the highest common divisor of 36 and 366.
6
Calculate the greatest common factor of 87 and 203.
29
What is the greatest common factor of 65 and 9035?
65
What is the greatest common divisor of 18 and 8703?
9
What is the greatest common factor of 12535 and 981?
109
What is the highest common factor of 424 and 24?
8
Calculate the greatest common factor of 805 and 3335.
115
What is the highest common factor of 280 and 3290?
70
Calculate the greatest common divisor of 25820 and 20.
20
What is the highest common divisor of 33 and 44?
11
What is the highest common factor of 1352 and 754?
26
What is the greatest common divisor of 2048 and 4?
4
What is the highest common factor of 76 and 3724?
76
What is the highest common divisor of 1500 and 12?
12
What is the highest common factor of 85 and 2295?
85
Calculate the highest common divisor of 13899 and 41.
41
What is the highest common divisor of 14 and 154?
14
Calculate the highest common divisor of 210 and 3045.
105
Calculate the greatest common divisor of 6497 and 73.
73
What is the highest common factor of 714 and 168?
42
What is the greatest common factor of 164 and 29684?
164
What is the greatest common divisor of 224 and 196?
28
Calculate the highest common divisor of 5 and 4.
1
Calculate the greatest common factor of 55 and 539.
11
Calculate the greatest common factor of 75 and 600.
75
What is the greatest common divisor of 1568 and 168?
56
What is the highest common divisor of 321 and 3?
3
Calculate the greatest common factor of 30 and 12.
6
What is the greatest common factor of 475 and 800?
25
What is the highest common divisor of 311 and 2?
1
What is the greatest common factor of 154 and 1022?
14
Calculate the highest common factor of 124 and 380.
4
Calculate the highest common divisor of 198 and 138.
6
Calculate the highest common factor of 1078 and 506.
22
What is the highest common factor of 598 and 46?
46
What is the greatest common divisor of 36 and 848?
4
Calculate the greatest common divisor of 18 and 162.
18
What is the highest common divisor of 550 and 20?
10
Calculate the highest common divisor of 62 and 310.
62
Calculate the highest common factor of 1998 and 148.
74
Calculate the greatest common divisor of 33 and 759.
33
What is the highest common factor of 754 and 26?
26
What is the highest common divisor of 210 and 13440?
210
What is the highest common divisor of 32 and 88?
8
Calculate the greatest common factor of 107 and 39911.
107
What is the highest common factor of 480 and 12640?
160
What is the highest common divisor of 16 and 4?
4
What is the highest common divisor of 1633 and 115?
23
Calculate the greatest common factor of 189 and 399.
21
What is the greatest common divisor of 34 and 1802?
34
What is the greatest common factor of 58 and 3538?
58
Calculate the greatest common factor of 294 and 714.
42
What is the highest common divisor of 377 and 4118?
29
What is the highest common divisor of 16 and 24?
8
Calculate the greatest common factor of 6 and 246.
6
Calculate the highest common factor of 20 and 1620.
20
What is the highest common factor of 85 and 493?
17
Calculate the greatest common factor of 119 and 385.
7
What is the greatest common factor of 76 and 27?
1
Calculate the greatest common divisor of 154 and 220.
22
Calculate the greatest common factor of 88 and 924.
44
Calculate the highest common divisor of 1239 and 21.
21
Calculate the greatest common factor of 18 and 306.
18
What is the highest common factor of 5 and 320?
5
What is the highest common factor of 21 and 1815?
3
Calculate the greatest common factor of 776 and 12.
4
What is the highest common factor of 26 and 120?
2
What is the highest common divisor of 119 and 1003?
17
What is the greatest common divisor of 4025 and 100?
25
Calculate the highest common factor of 38 and 931.
19
What is the greatest common divisor of 294 and 3038?
98
Calculate the greatest common divisor of 67 and 3953.
67
What is the greatest common divisor of 18810 and 760?
190
Calculate the highest common divisor of 90 and 630.
90
Calculate the greatest common factor of 198 and 55.
11
What is the greatest common factor of 8459 and 44?
11
Calculate the greatest common factor of 3285 and 225.
45
Calculate the greatest common factor of 352 and 32.
32
Calculate the highest common factor of 390 and 208.
26
What is the highest common factor of 1504 and 28?
4
Calculate the greatest common factor of 52 and 3068.
52
Calculate the greatest common divisor of 99 and 880.
11
Calculate the highest common divisor of 6 and 174.
6
Calculate the highest common factor of 19 and 1501.
19
What is the highest common factor of 352 and 22?
22
What is the greatest common divisor of 1428 and 84?
84
Calculate the highest common factor of 49 and 17101.
49
Calculate the highest common divisor of 43 and 1161.
43
What is the greatest common divisor of 104 and 2301?
13
Calculate the greatest common divisor of 954 and 36.
18
Calculate the greatest common divisor of 32 and 16.
16
Calculate the highest common divisor of 7 and 17934.
7
Calculate the highest common factor of 1631 and 7.
7
Calculate the highest common factor of 7 and 44534.
7
What is the highest common factor of 9774 and 54?
54
What is the highest common factor of 42 and 1134?
42
Calculate the highest common divisor of 123136 and 481.
481
What is the greatest common divisor of 1426 and 62?
62
Calculate the highest common divisor of 21 and 987.
21
Calculate the highest common divisor of 6453 and 27.
27
Calculate the highest common factor of 60933 and 57.
57
Calculate the highest common factor of 18 and 48.
6
Calculate the greatest common divisor of 96 and 5496.
24
What is the greatest common divisor of 31 and 41?
1
What is the highest common factor of 20 and 310?
10
What is the highest common factor of 9513 and 27?
9
What is the greatest common factor of 40 and 32?
8
What is the greatest common factor of 476 and 2884?
28
What is the greatest common factor of 76 and 741?
19
Calculate the highest common divisor of 36 and 204.
12
Calculate the highest common factor of 14266 and 14.
14
Calculate the greatest common divisor of 112 and 3472.
112
Calculate the highest common factor of 836 and 38.
38
What is the highest common factor of 10 and 60?
10
What is the greatest common divisor of 69 and 1012?
23
Calculate the greatest common divisor of 1179 and 18.
9
Calculate the highest common divisor of 19158 and 930.
186
What is the highest common divisor of 9658 and 22?
22
Calculate the greatest common divisor of 203 and 174.
29
What is the greatest common divisor of 308 and 44?
44
What is the greatest common factor of 1479 and 87?
87
What is the greatest common factor of 134 and 67?
67
Calculate the highest common divisor of 1431 and 39.
3
What is the highest common divisor of 16 and 8752?
16
What is the highest common factor of 1147 and 310?
31
What is the highest common factor of 1462 and 3268?
86
Calculate the greatest common factor of 88 and 19624.
88
Calculate the greatest common factor of 42465 and 285.
285
Calculate the highest common factor of 276 and 108.
12
What is the highest common factor of 76 and 28?
4
Calculate the highest common factor of 820 and 246.
82
What is the greatest common factor of 1152 and 36?
36
Calculate the greatest common factor of 184 and 8.
8
Calculate the highest common divisor of 82 and 12833.
41
Calculate the greatest common factor of 44 and 3410.
22
Calculate the greatest common divisor of 9991 and 291.
97
What is the highest common factor o